t the prime factors of (2/(-4))/(2/i).
2
Let v = 83 - 39. What are the prime factors of v?
2, 11
Let x = 23 - 12. Suppose 3*m = -x - 1. Let t = m + 20. List the prime factors of t.
2
Suppose d = 5*d - 4. Let q be (-4)/(-2) + 16 + (-1 - 2). List the prime factors of q + (d + -2)*-2.
17
Suppose -10 = -2*q - 0*q. Suppose -f = -q*f. Suppose 2*k = 5*t - 3 + 12, k + 3*t - 32 = f. What are the prime factors of k?
17
Let u be 25/7 - (-16)/(-28). Suppose 0*i = -u*i + 372. List the prime factors of i.
2, 31
Suppose -2*l = -153 - 37. Let g = l + -20. List the prime factors of g.
3, 5
Suppose 2*v = -3 + 7. Suppose 10 = -v*o + 2. Let r = o - -19. List the prime factors of r.
3, 5
Suppose 15*g = 6409 + 2411. List the prime factors of g.
2, 3, 7
Let v(x) = -x**2 - x - 8. Let t be v(-3). Let a be (-318)/4*t/21. Let b = a + -33. List the prime factors of b.
2, 5
Let w be (-1 - (4 - 4)) + 4. Suppose -w*z + 4*v + 134 = -40, -v + 58 = z. List the prime factors of z.
2, 29
Let j = 768 + -322. List the prime factors of j.
2, 223
Let g(t) = 55*t + 2. Let m be 0 + 4 + (6 - 9). What are the prime factors of g(m)?
3, 19
Let r(q) = -q**2 + 3. Let t be r(0). List the prime factors of 81 + 12/(-2)*(-1)/t.
83
Let w(z) be the first derivative of 22/3*z**3 + 0*z**2 - 5 - z. What are the prime factors of w(-1)?
3, 7
Suppose -312 = 3*y + 2*f, 0 = y + f + f + 104. Let t be (y/6)/((-4)/12). Suppose 0 = -b - b + t. What are the prime factors of b?
2, 13
Let z = 1492 + 3271. What are the prime factors of z?
11, 433
Let w = 5 - -2. Let m(s) be the first derivative of -s**4/4 + 2*s**3 + 9*s**2/2 + 8*s + 15. List the prime factors of m(w).
2, 11
Suppose 4*a + 388 = 1268. Suppose -3*n + 4*p - 130 = 0, 7*n + 4*p + a = 3*n. What are the prime factors of (-21)/(-49) - n/14?
2
Let s be (-1 - 33/(-5))*-5. Let l = s - -106. What are the prime factors of l?
2, 3, 13
Let j be 4/((-24)/(-21)) - (-3)/2. Suppose -j*i + 139 + 591 = 0. List the prime factors of i.
2, 73
Let y be (-2 - -3)*(-3)/(-3). Suppose y = -4*t + 33. Let z = 12 - t. List the prime factors of z.
2
Suppose -w - 2*w + 6 = 0. Suppose 5*s - 5*d - 35 = 0, w*s - s + 5*d - 37 = 0. Let l = s + 20. List the prime factors of l.
2
Let f(d) = -341*d - 314. What are the prime factors of f(-12)?
2, 1889
Suppose -3*f - 272 = f. Let h = 9 - f. Let x = 126 - h. What are the prime factors of x?
7
List the prime factors of 10 + -11 - (-725 - (3 + -2)).
5, 29
Suppose 0 = -2*i - i - 4353. Let h = i + 471. What are the prime factors of 4/22 + h/(-55)?
2, 3
Let l = 19 - 14. Suppose -l*c + 6 = -3*c. Suppose 4*t = -5*h + 106 - 26, c*t + 45 = 5*h. What are the prime factors of h?
2, 3
Suppose 5*h - 14 = 7*h. List the prime factors of (-6)/(-6) - 7*h.
2, 5
Let j(r) be the first derivative of -r**5/40 + 2*r**3/3 - 3. Let x(m) be the third derivative of j(m). List the prime factors of x(-4).
2, 3
Let d(k) = k**2 - 18*k + 13. Let z be d(7). Let c = 127 + z. What are the prime factors of c?
3, 7
Let x be (0 + 3)/(-1) - (-12345)/(-5). List the prime factors of 5/(-2)*x/30.
2, 103
Suppose 4*w - 2*s = 9 + 1, 2*s = -5*w + 35. Suppose -293 = -w*r + 117. What are the prime factors of r?
2, 41
Suppose -1116 = 7*c + 172. Let w = -40 - c. What are the prime factors of w?
2, 3
Let i(g) = -20*g + 7. Let b(r) = -101*r + 34. Let s(u) = -2*b(u) + 11*i(u). List the prime factors of s(-3).
3, 7
Suppose -5*q = 2*v - v - 632, -5*v - 2*q = -3275. Let x = v + -346. List the prime factors of x.
311
List the prime factors of (-10433)/(-2) + -4 - 6/(-12).
13, 401
Let d = 24 + -8. Suppose 0 = d*s - 18*s + 26. What are the prime factors of s?
13
Suppose 2*b - 334 = -5*j, 4*b + 38 = j - 20. Let d = j - 34. Let t = -18 + d. List the prime factors of t.
2, 7
What are the prime factors of -914*(-6)/(-8)*(-2 - 0)?
3, 457
Let m be 35 + (4 - (2 - -5)). Let x = 58 - m. Suppose 3*d + 4*h = 73, 0 = -d - 5*h + 13 + x. List the prime factors of d.
19
Suppose 0 = 5*l + 6 + 19. What are the prime factors of -1*(-5)/l + 135?
2, 67
Suppose 4*r - 16*r + 60 = 0. Suppose -r*k + 940 = 5*o, 2*k = -3*k - 10. What are the prime factors of o?
2, 5, 19
Suppose 1729 + 203 = 4*x. List the prime factors of x.
3, 7, 23
Suppose 4 = 6*v - 5*v. Suppose -3*k + 105 = -2*k. Suppose v*o - k = -o. List the prime factors of o.
3, 7
Let g(t) be the first derivative of -t**4 - 4*t**3/3 - t**2 + 2*t + 4. What are the prime factors of g(-2)?
2, 11
Let w = 1775 + -1049. List the prime factors of w.
2, 3, 11
Suppose 3*s + s = 368. Suppose 3*h - s + 26 = 0. List the prime factors of h.
2, 11
Let d(h) = -6*h**3 + 16*h + 2*h**2 - 2 - 29*h + 12*h. List the prime factors of d(-2).
2, 7
Let w be -2 + 1 - 4/(-2). Let p(u) be the first derivative of 5*u**3/3 + u**2/2 - u - 35. What are the prime factors of p(w)?
5
Let b = -38 + 26. List the prime factors of (b/(-9))/(8/18).
3
Suppose -9*r + 4*x = 4*r - 33586, 2*r - 5179 = 3*x. What are the prime factors of r?
2, 1291
Let p(r) be the third derivative of -r**4/3 + 5*r**3/3 + 3*r**2. Let t be p(-6). Suppose -5*w + t = -197. What are the prime factors of w?
3, 17
What are the prime factors of (-9781)/(-5) - (-8)/10?
19, 103
Let r(z) = z**2 + 13*z - 39. What are the prime factors of r(23)?
3, 263
Let h(f) = f**2 - 1. Let c(j) = -4*j**2 + j + 2. Let p(k) = c(k) + 5*h(k). Let y be p(-3). Suppose i = 3*v - 45, 9 = y*i - 0*i. List the prime factors of v.
2
Let y(n) = 17*n - 11. Let i be y(9). Suppose 0 = 3*d - 4*r - 217, -8*r - i = -2*d - 4*r. What are the prime factors of ((-6)/(-5))/(15/d)?
2, 3
Let s(k) = 10*k**2 + 2*k - 1. Let q be s(1). Suppose c + q = -28. Let h = -22 - c. What are the prime factors of h?
17
Let z(h) = -h + 2. Let b be z(5). Let i be ((-30)/(-20))/(b/(-56)). List the prime factors of (483/i)/(3/8).
2, 23
Let c be (-4)/(1*(-3 + 2)). Suppose 4 = -3*u + c*m, 0 = 4*u - m + 6 - 18. Suppose 2*o - 5*o - 3*j + 18 = 0, -5*j + 21 = u*o. What are the prime factors of o?
3
Let v = -203 + 223. List the prime factors of v.
2, 5
Suppose -2*o + 17 = 11. Let n be (1 + 1)*(-2 + o). Suppose 3*c - c - 16 = -n*g, 4*g + 49 = 5*c. What are the prime factors of c?
3
Let w be (-6)/4*16/(-6). Suppose -55 + 391 = w*k. Suppose -5*h + k = -h. What are the prime factors of h?
3, 7
Suppose 56 = 5*h - h. Let m = h + -10. Suppose -4*j + 90 = j + 4*d, 81 = m*j + 5*d. List the prime factors of j.
2, 7
Suppose 194 = -19*y + 21*y. What are the prime factors of y?
97
Let a(l) = -16*l + 1. Let q be a(-1). Suppose -63 = -5*v + q. List the prime factors of v.
2
Let f = -94 - -95. Suppose p - 146 = 5*g + f, -4*p + 654 = 2*g. List the prime factors of p.
2, 3
Suppose 12 = 3*l + l. Suppose 4*h + l*g - 205 = 0, 3*h - 300 = -2*h + 5*g. List the prime factors of h.
5, 11
List the prime factors of (-15342)/(-8) + 102/24 + -4.
2, 7, 137
Let s(o) = 127*o + 2220. What are the prime factors of s(0)?
2, 3, 5, 37
Suppose g + 1490 = 3*c + 3*g, -2*c + 995 = 3*g. Let h = -352 + c. List the prime factors of h.
2, 3
Suppose 4*m + 3*a - 40 + 2 = 0, m = 3*a + 2. Let t = -9 + m. List the prime factors of (24 - -1) + t + 3.
3
List the prime factors of 124971/99 - 5/(-3).
2, 79
Suppose 35*w + 2065 = 42*w. List the prime factors of w.
5, 59
Suppose -6589 = -10*t + 5871. List the prime factors of t.
2, 7, 89
Let u(o) = 19*o + 76. What are the prime factors of u(6)?
2, 5, 19
Suppose -1 = 3*o - 10. Suppose -o*x + 2*t + 2*t + 134 = 0, -4*t - 8 = 0. List the prime factors of x.
2, 3, 7
Suppose -124 - 896 = -2*r + 2*u, 2*r = 3*u + 1021. List the prime factors of r.
509
Suppose 0 = -10*s + 2*s + 216. Let o = 44 - s. List the prime factors of o.
17
Suppose -17*c - 619 = -19*c - 3*l, -5*l - 1205 = -4*c. What are the prime factors of c?
5, 61
What are the prime factors of 5067 + (-10)/((-30)/(-9)) + -4?
2, 5, 11, 23
Let t = 465 + -58. List the prime factors of t.
11, 37
Suppose -42*f + 43*f - 5 = 0. Suppose -f*i + 576 = -524. What are the prime factors of i?
2, 5, 11
Suppose -h - 11*h + 48 = 0. Let u(o) = 13*o**2 + o - 5. What are the prime factors of u(h)?
3, 23
List the prime factors of 2/(25/(-5) - (-6637)/1327).
1327
Suppose -2*h = -121 - 63. List the prime factors of h.
2, 23
Suppose -12455 - 6200 = -35*f. List the prime factors of f.
13, 41
Let d(b) = 3*b**2 - b + 1. Let k be d(-3). Let z be (-2)/(-8) - k/(-4). Suppose -2*n + z = -